{"id":21,"date":"2016-05-10T18:46:50","date_gmt":"2016-05-10T16:46:50","guid":{"rendered":"http:\/\/www.sv-gutsmuths-jena.de\/bogenschiessen-jena\/?page_id=21"},"modified":"2026-04-12T10:09:55","modified_gmt":"2026-04-12T08:09:55","slug":"termine","status":"publish","type":"page","link":"https:\/\/www.sv-gutsmuths-jena.de\/bogenschiessen-jena\/termine\/","title":{"rendered":"Termine"},"content":{"rendered":"<div class=\"wpb-content-wrapper\"><div class=\"vc_row wpb_row vc_row-fluid\"><div class=\"wpb_column vc_column_container vc_col-sm-12\"><div class=\"vc_column-inner\"><div class=\"wpb_wrapper\"><div  class=\"vc_do_toggle vc_toggle vc_toggle_rounded vc_toggle_color_orange  vc_toggle_size_md vc_toggle_active\"><div class=\"vc_toggle_title\"><h4>Die n\u00e4chsten Termine im \u00dcberblick<\/h4><i class=\"vc_toggle_icon\"><\/i><\/div><div class=\"vc_toggle_content\"><ul>\n<li><span style=\"font-size: 16px;\">25. April 2026 &#8211; Saisonauftakt des Th\u00fcringer Sch\u00fctzenbundes in Suhl (Scheibennadelturnier)<\/span><\/li>\n<li><span style=\"font-size: 16px;\">9. Mai 2026 &#8211; 1. Joschi-Cup Bogen in Suhl<\/span><\/li>\n<li><span style=\"font-size: 16px;\">30. Mai 2026- 5. P\u00f6\u00dfnecker Sommerturnier<\/span><\/li>\n<li><span style=\"font-size: 16px;\">06. Juni 2026 &#8211; Kreismeisterschaft Bogen im Freien des Sch\u00fctzenkreis Saale-Holzland<\/span><\/li>\n<li><span style=\"font-size: 16px;\">20. Juni 2026 &#8211; 2. Joschi-Cup Bogen in K\u00f6nitz<\/span><\/li>\n<li><span style=\"font-size: 16px;\">27.-28. Juni 2026 &#8211; Th\u00fcringer Landesmeisterschaft Bogen im Freien in Suhl<\/span><\/li>\n<li><span style=\"font-size: 16px;\">23.-26. Juli 2026 &#8211; Die Finals in Hannover<\/span><\/li>\n<li><span style=\"font-size: 16px;\">29. August 2026 &#8211; 3. Jenaer 900er-Runde (Scheibennadelturnier)<\/span><\/li>\n<li><span style=\"font-size: 16px;\">5.-6. September 2026 &#8211; Ostdeutsche Meisterschaft Bogen im Freien in Glindow<\/span><\/li>\n<li><span style=\"font-size: 16px;\">11.-13. September 2026 &#8211; Deutsche Meisterschaft Bogen im Feien in Wiesbaden<\/span><\/li>\n<li><span style=\"font-size: 16px;\">19. September 2026 &#8211; Saisonabschlu\u00df der Th\u00fcringer Sch\u00fctzenjugend in Suhl<\/span><\/li>\n<li><span style=\"font-size: 16px;\">19. September 2026 &#8211; 2. P\u00f6\u00dfnecker Nachtturnier<\/span><\/li>\n<li><span style=\"font-size: 16px;\">24. Oktober 2026 &#8211; Halloween-Turnier der Th\u00fcringer Sch\u00fctzenjugend in Suhl<\/span><\/li>\n<li><span style=\"font-size: 16px;\"><span style=\"font-size: 16px;\">28. November 2026 &#8211; Kreismeisterschaft Bogen in der Halle 2027 des Sch\u00fctzenkreis Saale-Holzland<\/span><\/span><\/li>\n<\/ul>\n<p>Termine und, soweit schon ver\u00f6ffentlicht, Ausschreibungen auch <a href=\"http:\/\/www.mike-bandlow.de\/Bogensport\/bogen.html#term\" target=\"_blank\" rel=\"noopener\"><strong>HIER<\/strong><\/a> unter Bogensport\/Termine.<\/p>\n<\/div><\/div><\/div><\/div><\/div><\/div>\n<\/div>","protected":false},"excerpt":{"rendered":"<p>Die n\u00e4chsten Termine im \u00dcberblick 25. April 2026 &#8211; Saisonauftakt des Th\u00fcringer Sch\u00fctzenbundes in Suhl (Scheibennadelturnier) 9. Mai 2026 &#8211; 1. Joschi-Cup Bogen in Suhl 30. Mai 2026- 5. P\u00f6\u00dfnecker Sommerturnier 06. Juni 2026 &#8211; Kreismeisterschaft Bogen im Freien des Sch\u00fctzenkreis Saale-Holzland 20. Juni 2026 &#8211; 2. Joschi-Cup Bogen in K\u00f6nitz 27.-28. Juni 2026 -&hellip;<\/p>\n","protected":false},"author":1,"featured_media":0,"parent":0,"menu_order":0,"comment_status":"closed","ping_status":"closed","template":"","meta":{"footnotes":""},"class_list":["post-21","page","type-page","status-publish","hentry","description-off"],"_links":{"self":[{"href":"https:\/\/www.sv-gutsmuths-jena.de\/bogenschiessen-jena\/wp-json\/wp\/v2\/pages\/21","targetHints":{"allow":["GET"]}}],"collection":[{"href":"https:\/\/www.sv-gutsmuths-jena.de\/bogenschiessen-jena\/wp-json\/wp\/v2\/pages"}],"about":[{"href":"https:\/\/www.sv-gutsmuths-jena.de\/bogenschiessen-jena\/wp-json\/wp\/v2\/types\/page"}],"author":[{"embeddable":true,"href":"https:\/\/www.sv-gutsmuths-jena.de\/bogenschiessen-jena\/wp-json\/wp\/v2\/users\/1"}],"replies":[{"embeddable":true,"href":"https:\/\/www.sv-gutsmuths-jena.de\/bogenschiessen-jena\/wp-json\/wp\/v2\/comments?post=21"}],"version-history":[{"count":21,"href":"https:\/\/www.sv-gutsmuths-jena.de\/bogenschiessen-jena\/wp-json\/wp\/v2\/pages\/21\/revisions"}],"predecessor-version":[{"id":3121,"href":"https:\/\/www.sv-gutsmuths-jena.de\/bogenschiessen-jena\/wp-json\/wp\/v2\/pages\/21\/revisions\/3121"}],"wp:attachment":[{"href":"https:\/\/www.sv-gutsmuths-jena.de\/bogenschiessen-jena\/wp-json\/wp\/v2\/media?parent=21"}],"curies":[{"name":"wp","href":"https:\/\/api.w.org\/{rel}","templated":true}]}}